-6864 = 30*i - 42*i - 92*i. Let v = 1 - 0. Suppose 0 = 5*h - d - 33, -13 = 4*d - v. What is the highest common factor of h and i?
6
Suppose -182 = -w - w. Suppose 0 = -c + 2*c + 61. Let n = c - -74. What is the highest common divisor of w and n?
13
Suppose 0 = -9*u + 5*u + 44. Suppose 0 = -u*d + 25 - 3. Suppose -23 + 9 = -2*i - d*l, -4*i = 5*l - 25. Calculate the greatest common factor of 4 and i.
2
Let w = 223 + -223. Suppose 5*p - 3*p - 4*t - 140 = w, -3*p + 4*t = -206. Calculate the highest common factor of p and 231.
33
Suppose 3*x + 10 - 25 = 0, 2*x = -n + 10. Suppose -4*i - 3*y + 2355 = n, 2*y + 3 - 5 = 0. Calculate the greatest common factor of i and 49.
49
Let z be 11/(2/(-5) + 39/(-65)). Let x = 74 + z. What is the greatest common factor of 105 and x?
21
Let n(k) = k**3 - 5*k**2 + 5*k - 5. Let c be n(4). Let x be 46*(-2*1)/(-1 + c). Suppose 8*q - x = 6*q. What is the highest common factor of q and 23?
23
Let k = -10655 + 11147. What is the highest common divisor of k and 1394?
82
Let t = -35 + 39. Suppose -y + 108 = 3*d, 345 = t*y + 5*d - 66. Calculate the greatest common divisor of 11 and y.
11
Let a = -762 + -305. Let o = -2057 - a. Let q be o/27*6/(-4). Calculate the greatest common divisor of q and 11.
11
Suppose 0 = -5*d + 2*p - 665 + 10942, 6155 = 3*d - 4*p. Calculate the greatest common factor of 22 and d.
11
Let o be (32/(-80))/((-1)/705). Let t = 300 - o. Calculate the highest common factor of 243 and t.
9
Let x be (24/(-5))/6 - (-4)/5. Suppose 14*o - 380 - 1048 = x. What is the greatest common factor of o and 51?
51
Suppose -5*p + 4*p = y - 58, 4*p - 220 = 2*y. Calculate the highest common divisor of p and 896.
56
Let h(c) = c**2 - 13*c - 30. Let w be h(15). Suppose w = -n - n + 40. Suppose 2*g - 4*r = 44, g + 3*r = 6 + 11. What is the greatest common factor of n and g?
20
Let x(v) = -20*v + 204. Let a be x(3). Let r be (0 - 15/(-20)) + (-285)/(-4). What is the highest common factor of r and a?
72
Let f = 53 - 50. Suppose 3*b = 2*b + 4, f*u = 5*b + 163. Suppose 5*s - 3*s = 5*t + u, t + 23 = s. Calculate the highest common divisor of 24 and s.
6
Suppose 0 = -5*o + 68 - 18. Suppose 0 = -3*s - 4*y + 67, 4*s + 5*y - 40 = 2*s. What is the highest common divisor of s and o?
5
Let g = -4117 + 4185. Calculate the greatest common factor of g and 374.
34
Let v = 34674 + -31971. What is the highest common factor of 954 and v?
159
Let o be (-10)/(0 + 0 - 2). Suppose 0 = -t + o*t - 144. Let b(k) = k**3 - 99*k - 28. Let u be b(-8). What is the greatest common divisor of u and t?
36
Let p(d) = 36*d - 326. Let t be p(29). Let m = t - 650. What is the highest common factor of m and 170?
34
Let b(s) = 2*s**3 + 40*s**2 + 44*s - 11. Let n be b(-18). What is the highest common divisor of 136 and n?
17
Suppose -x - 4*t = 428 - 513, 4*x + t - 280 = 0. What is the greatest common divisor of x and 8832?
69
Suppose 196*k = 201*k - 568 - 152. Suppose -n - 3*n = -36. What is the greatest common divisor of n and k?
9
Let h = 69 - 34. Let w(t) = 169*t + 3. Let k be w(-2). Let n = -195 - k. Calculate the greatest common divisor of n and h.
35
Let n(q) = 7*q - 8. Let j be n(3). Let w be 4/(-6) - (-910)/6. Suppose 0 = 3*f - w - 122. What is the greatest common factor of j and f?
13
Let o be (13/(0 - -1))/((-62)/(-2666)). Suppose -o = -8*f + 57. Calculate the greatest common factor of f and 7.
7
Suppose -106 = -3*f - 16. Suppose 25*k - 13*k - 600 = 0. Let t = k + -44. What is the highest common factor of f and t?
6
Let s be (-13)/(3 + (-75)/24). Let g = -21131 + 21144. Calculate the highest common divisor of s and g.
13
Let c(g) = -g**3 - 10*g**2 - 9*g + 2. Let o be c(-9). Let p be 2*o*122/8. Let b = p + -52. Calculate the greatest common divisor of 3 and b.
3
Suppose 3*z - 13706 = 4*v - 49904, -3*v = -4*z - 27145. What is the greatest common factor of 21 and v?
21
Let y = -819 + 1203. What is the highest common factor of 30 and y?
6
Suppose -43*c + 18294 + 26254 = 0. Suppose -2*k = -1448 - c. Calculate the highest common factor of k and 54.
54
Let y(q) = q**2 - 2*q - 25. Let l be y(7). Calculate the highest common divisor of l and 16.
2
Let v(r) = -5*r**3 + r**2 + 4*r + 3. Let u be v(-1). Suppose -1 = -2*x - u, 2*j - 136 = 5*x. What is the greatest common divisor of 168 and j?
21
Let f be 11 + (0/1)/(-1). Suppose 5*g - t = 7, 6*g - 3*t - f = g. Calculate the highest common factor of g and 12.
1
Let u = -571 + 635. Let i = 42 - 26. Suppose 2*z - z = i. What is the greatest common divisor of u and z?
16
Suppose z - 221 = -t - 52, -852 = -5*z + 2*t. Let k = z - 159. What is the greatest common factor of 88 and k?
11
Let z(a) = 13*a**3 - 7*a**2 + 6*a - 9. Let p = 532 - 529. Let w be z(p). Calculate the greatest common divisor of w and 198.
99
Suppose 0 = 30*s + 2 - 62. Suppose -u + s*u = 161. What is the greatest common divisor of 92 and u?
23
Suppose -12*n + 6 = -18. Suppose 2*p + 0 + n = 0, 2*l - 29 = -3*p. Calculate the greatest common divisor of l and 72.
8
Let f = 1606 + -1094. Suppose 3*m + 4*d + 1536 = 6*m, -f = -m + 5*d. What is the highest common factor of m and 8?
8
Let g(j) = 33*j**2 - 89*j + 611. Let y be g(11). What is the greatest common divisor of y and 50?
25
Let d = -7169 - -7444. What is the highest common divisor of 286 and d?
11
Let w = 248 - 791. Let o be 21/(-14) + w/(-6). Suppose o*f = 92*f - 99. Calculate the greatest common divisor of f and 11.
11
Let y be ((-6)/12)/(2/(-92)). Let h(v) = v**3 - 18*v**2 + 18*v - 140. Let f be h(18). What is the greatest common factor of y and f?
23
Let q be (-7)/(-1)*11*1564/1771. Calculate the greatest common divisor of q and 629.
17
Let l = 10 + -5. Suppose -4*s - l*y = -12, y + 3*y + 32 = 2*s. Calculate the highest common divisor of 14 and s.
2
Let w(k) = -k**3 + 12*k**2 + 29*k - 248. Let m be w(12). Suppose o + u = -2*u - 2, u - 6 = -2*o. What is the highest common divisor of m and o?
4
Let x be (-7)/(14/(-208)) - -3. Suppose v + 5*u = 69, 34 - x = -2*v + 3*u. What is the greatest common factor of v and 88?
44
Let g = 7 - -18. Let x be 6800/675 + (-4)/54. What is the greatest common factor of g and x?
5
Let f = 14811 + -8218. What is the greatest common factor of f and 38?
19
Suppose -55 = -5*g - x + 204, -2*g + 86 = -4*x. Calculate the highest common factor of g and 11577.
51
Suppose 0 = -4*s - 4*z + 4200, 1034 = 96*s - 95*s + 5*z. Suppose -33*m = m - s. Let p = 12 - -81. Calculate the highest common divisor of m and p.
31
Let c be 20 + (2/6)/((-1)/6). Let r = -28 - -91. What is the greatest common divisor of c and r?
9
Suppose -3*u - 3*m = -84, -6*u = -u - 5*m - 70. What is the greatest common divisor of u and 522?
3
Suppose 0 = -8*o + 20*o - 372. Suppose 0 = -4*r, 496 = 4*s + 3*r - 6*r. Calculate the highest common factor of s and o.
31
Let z be 3/9*(-36)/(9/(-3)). Suppose z = 31*c - 30*c. Suppose b = -3*p - b + 55, 0 = -p + c*b - 5. Calculate the highest common factor of 3 and p.
3
Suppose -h - 378 = -5*p, -2*p - 3*h - 298 = -6*p. Suppose -3*u - 59*x + 60*x = -18, 2*x = 3*u - 12. Calculate the greatest common factor of u and p.
4
Let l(x) = -x**3 - 8*x**2 - 15*x - 58. Let w(i) = i**3 - 10*i**2 + 16*i - 8. Let c be w(8). Let f be l(c). What is the highest common factor of f and 155?
31
Let h(s) = 62*s + 6519. Let k be h(-105). Calculate the highest common divisor of 477 and k.
9
Suppose 3*j + 13*x = 18*x + 85, 3*j = -2*x + 50. Let l be ((-40)/6)/(4/(-12)). Suppose -4*q + l = -500. What is the highest common divisor of j and q?
10
Let w = 4 - 2. Suppose -133 = -w*n + m, 5*n + 4*m - 248 = n. Suppose -172*l + 638 = 137*l - 3379. What is the greatest common factor of l and n?
13
Let f(u) = 8*u**2 - 4*u + 2. Let o be f(1). Suppose 86 + 106 = o*i. Calculate the greatest common factor of i and 80.
16
Let u = -56 + 49. Let r(f) = 206*f - 8 - 210*f - 6. Let x be r(u). Calculate the highest common factor of 35 and x.
7
Suppose -72 + 6 = -22*s. Let y(p) = 16*p**2 - 5*p - 5. Let f be y(-2). What is the greatest common divisor of s and f?
3
Let k(b) = b**3 + 38*b**2 - 541*b + 27. Let r be k(11). Let o = 11 + 24. What is the highest common factor of r and o?
5
Let c be 3/4 - (-348)/(-16). Let v = 34 - c. Let t(n) = 707*n + 2126. Let b be t(-3). Calculate the highest common divisor of v and b.
5
Let w(g) = 